git of 48814?
4
What is the units digit of 725349?
9
What is the thousands digit of 12675100?
5
What is the units digit of 5068595?
5
What is the units digit of 123938?
8
What is the millions digit of 26086752?
6
What is the thousands digit of 942565?
2
What is the thousands digit of 4408916?
8
What is the hundred thousands digit of 1480149?
4
What is the thousands digit of 3974835?
4
What is the millions digit of 6242997?
6
What is the hundred thousands digit of 188854?
1
What is the units digit of 7603193?
3
What is the tens digit of 376561?
6
What is the hundreds digit of 66091?
0
What is the hundreds digit of 121006?
0
What is the units digit of 5450912?
2
What is the hundred thousands digit of 3464642?
4
What is the ten thousands digit of 475007?
7
What is the millions digit of 5315748?
5
What is the tens digit of 22704925?
2
What is the tens digit of 426246?
4
What is the ten millions digit of 18130739?
1
What is the hundred thousands digit of 642911?
6
What is the units digit of 196188?
8
What is the thousands digit of 36441?
6
What is the thousands digit of 1780468?
0
What is the hundreds digit of 430898?
8
What is the hundred thousands digit of 198474?
1
What is the millions digit of 4230854?
4
What is the hundred thousands digit of 2274363?
2
What is the thousands digit of 3843060?
3
What is the hundreds digit of 10582410?
4
What is the hundred thousands digit of 256311?
2
What is the thousands digit of 6098?
6
What is the units digit of 286284?
4
What is the ten thousands digit of 29151994?
5
What is the thousands digit of 2571882?
1
What is the tens digit of 2741190?
9
What is the thousands digit of 379739?
9
What is the millions digit of 6042730?
6
What is the thousands digit of 25586384?
6
What is the ten thousands digit of 4688384?
8
What is the ten thousands digit of 1299062?
9
What is the hundreds digit of 478878?
8
What is the ten thousands digit of 4368927?
6
What is the ten thousands digit of 78266?
7
What is the ten thousands digit of 24176363?
7
What is the tens digit of 5347575?
7
What is the thousands digit of 457534?
7
What is the thousands digit of 13249616?
9
What is the hundred thousands digit of 3385976?
3
What is the units digit of 869671?
1
What is the tens digit of 330687?
8
What is the hundred thousands digit of 14885015?
8
What is the hundreds digit of 3722189?
1
What is the units digit of 3597995?
5
What is the units digit of 6933898?
8
What is the millions digit of 8221630?
8
What is the hundred thousands digit of 795962?
7
What is the ten thousands digit of 33560934?
6
What is the millions digit of 6476209?
6
What is the thousands digit of 91837?
1
What is the ten thousands digit of 613686?
1
What is the units digit of 186065?
5
What is the hundreds digit of 1809?
8
What is the hundreds digit of 2038245?
2
What is the ten thousands digit of 54305?
5
What is the millions digit of 3112281?
3
What is the millions digit of 2325213?
2
What is the units digit of 1369388?
8
What is the hundreds digit of 8160696?
6
What is the units digit of 3695477?
7
What is the units digit of 125984?
4
What is the ten thousands digit of 17198494?
9
What is the ten thousands digit of 1538834?
3
What is the ten thousands digit of 274364?
7
What is the thousands digit of 1139600?
9
What is the hundred thousands digit of 5582116?
5
What is the ten thousands digit of 516127?
1
What is the thousands digit of 838897?
8
What is the units digit of 815059?
9
What is the hundreds digit of 284945?
9
What is the hundred thousands digit of 347178?
3
What is the ten thousands digit of 174932?
7
What is the tens digit of 917932?
3
What is the hundreds digit of 133161?
1
What is the millions digit of 2145881?
2
What is the units digit of 206581?
1
What is the hundred thousands digit of 13710282?
7
What is the hundred thousands digit of 1502756?
5
What is the ten thousands digit of 1741484?
4
What is the tens digit of 1242049?
4
What is the hundred thousands digit of 115876?
1
What is the units digit of 197089?
9
What is the units digit of 898789?
9
What is the thousands digit of 334513?
4
What is the hundreds digit of 4181175?
1
What is the tens digit of 1788474?
7
What is the tens digit of 3751472?
7
What is the tens digit of 528100?
0
What is the units digit of 1489231?
1
What is the thousands digit of 35198710?
8
What is the hundred thousands digit of 18714827?
7
What is the millions digit of 32754828?
2
What is the tens digit of 165410?
1
What is the ten thousands digit of 6603927?
0
What is the hundred thousands digit of 8153101?
1
What is the ten thousands digit of 1739804?
3
What is the hundreds digit of 10064684?
6
What is the ten millions digit of 17070862?
1
What is the units digit of 153396?
6
What is the units digit of 60236?
6
What is the units digit of 5499201?
1
What is the hundred thousands digit of 219097?
2
What is the units digit of 1321645?
5
What is the ten thousands digit of 291472?
9
What is the tens digit of 5544340?
4
What is the thousands digit of 299161?
9
What is the tens digit of 85134?
3
What is the units digit of 2233873?
3
What is the hundreds digit of 594885?
8
What is the ten millions digit of 36811297?
3
What is the millions digit of 13920351?
3
What is the ten thousands digit of 10417464?
1
What is the units digit of 6638596?
6
What is the hundred thousands digit of 4836507?
8
What is the ten thousands digit of 17296?
1
What is the ten thousands digit of 352809?
5
What is the hundreds digit of 42579?
5
What is the units digit of 469535?
5
What is the hundreds digit of 364836?
8
What is the units digit of 151456?
6
What is the hundreds digit of 57007?
0
What is the ten thousands digit of 1402351?
0
What is the tens digit of 2192759?
5
What is the tens digit of 366459?
5
What is the units digit of 6911937?
7
What is the thousands digit of 4428270?
8
What is the tens digit of 516668?
6
What is the hundreds digit of 195238?
2
What is the thousands digit of 726694?
6
What is the hundreds digit of 104733?
7
What is the hundred thousands digit of 2123313?
1
What is the units digit of 524904?
4
What is the tens digit of 18504039?
3
What is the thousands digit of 284085?
4
What is the ten thousands digit of 2752496?
5
What is the hundreds digit of 3406493?
4
What is the ten millions digit of 13356147?
1
What is the thousands digit of 898185?
8
What is the thousands digit of 1944269?
4
What is the units digit of 6077299?
9
What is the units digit of 10269596?
6
What is the ten thousands digit of 2828958?
2
What is the tens digit of 9071545?
4
What is the millions digit of 6095620?
6
What is the hundreds digit of 1102687?
6
What is the thousands digit of 1203518?
3
What is the hundred thousands digit of 2585861?
5
What is the ten thousands digit of 745581?
4
What is the units digit of 3648713?
3
What is the hundred thousands digit of 375146?
3
What is the tens digit of 1036116?
1
What is the hundreds digit of 8719777?
7
What is the hundreds digit of 496005?
0
What is the ten thousands digit of 7078315?
7
What is the thousands digit of 62864?
2
What is the tens digit of 2213739?
3
What is the units digit of 26444278?
8
What is the hundreds digit of 9554014?
0
What is the hundred thousands digit of 1251636?
2
What is the hundred thousands digit of 375018?
3
What is the units digit of 245455?
5
What is the units digit of 648777?
7
What is the hundreds digit of 110173?
1
What is the tens digit of 2632731?
3
What is the millions digit of 2478511?
2
What is the ten thousands digit of 5866147?
6
What is the thousands digit of 266995?
6
What is the ten thousands digit of 1095376?
9
What is the ten thousands digit of 3665037?
6
What is the hundreds digit of 8437855?
8
What is the tens digit of 486329?
2
What is the ten thousands digit of 969181?
6
What is the units digit of 5281234?
4
What is the hundreds digit of 30607?
6
What is the units digit of 294598?
8
What is the ten thousands digit of 491131?
9
What is the units digit of 161454?
4
What is the thousands digit of 1771?
1
What is the millions digit of 4254698?
4
What is the hundred thousands digit of 253446?
2
What is the millions digit of 1425336?
1
What is the thousands digit of 1793372?
3
What is the hundred thousands digit of 21972439?
9
What is the units digit of 